 56?
-243
In base 5, what is -4 + -421?
-430
In base 7, what is 44 - -21?
65
In base 10, what is -24 + -93?
-117
In base 13, what is 2 - 252?
-250
In base 16, what is -4 + -2be?
-2c2
In base 5, what is 1041013 - -2?
1041020
In base 10, what is 220 - 5?
215
In base 2, what is 101110001001 - -101?
101110001110
In base 10, what is -1010 + -2?
-1012
In base 6, what is -1 + 1035?
1034
In base 4, what is 11 - 230?
-213
In base 6, what is 5031 - 2?
5025
In base 11, what is 17 - -245?
261
In base 11, what is 1 + -199?
-198
In base 15, what is 2 + 28?
2a
In base 7, what is -16 + -44?
-63
In base 2, what is -111000 - -11?
-110101
In base 12, what is -4 - b12?
-b16
In base 5, what is 2 - -1141?
1143
In base 7, what is 1 + -2?
-1
In base 8, what is 2 + -56?
-54
In base 15, what is -5 - -25?
20
In base 15, what is 131 - 6?
12a
In base 10, what is 8 + -2?
6
In base 8, what is 51 - -14?
65
In base 15, what is 4 + 81?
85
In base 2, what is -1000101 - 0?
-1000101
In base 3, what is -11111 - 22?
-11210
In base 11, what is -52 + 4?
-49
In base 10, what is -2 + -9673?
-9675
In base 14, what is -c44 + -5?
-c49
In base 7, what is -102221 - -5?
-102213
In base 11, what is 3 + 10?
13
In base 13, what is -4 + -acc?
-b03
In base 8, what is 102 + -116?
-14
In base 3, what is 20001 - 1?
20000
In base 7, what is 244 - 1?
243
In base 4, what is -102001 + -10?
-102011
In base 9, what is 4 + -137?
-133
In base 4, what is 121 - 211?
-30
In base 12, what is -a - 10?
-1a
In base 10, what is -3 + -228?
-231
In base 11, what is -365 - -1?
-364
In base 3, what is 1022 - 111?
211
In base 11, what is 162 + -a?
153
In base 11, what is 2 + -1311?
-130a
In base 8, what is -5 + 1?
-4
In base 15, what is a - 26?
-1b
In base 8, what is 4011 - -5?
4016
In base 9, what is 336 + 5?
342
In base 9, what is 141 - 23?
117
In base 7, what is 1145 - -1?
1146
In base 11, what is -21 - 21?
-42
In base 16, what is 11 + 3?
14
In base 7, what is 43 + 21?
64
In base 10, what is 1461 - 0?
1461
In base 5, what is 103034 - -3?
103042
In base 16, what is -264 + -1?
-265
In base 16, what is -b + 362?
357
In base 9, what is 16 + -7?
8
In base 9, what is -247 - -74?
-163
In base 2, what is -1001010100 + 0?
-1001010100
In base 5, what is -11003 - 3?
-11011
In base 16, what is -5d - -6?
-57
In base 8, what is -63 + 5?
-56
In base 14, what is -2 - 28b?
-28d
In base 4, what is 102 + -13103?
-13001
In base 15, what is 9 - 33a?
-331
In base 10, what is 4 + 248?
252
In base 12, what is ba3 + 4?
ba7
In base 4, what is 20101 - -33?
20200
In base 4, what is -1020110 - -11?
-1020033
In base 13, what is -259 - 0?
-259
In base 7, what is -1 - -14?
13
In base 15, what is 11 - -101?
112
In base 3, what is -1122 + -1222?
-10121
In base 7, what is 1 + 4535?
4536
In base 2, what is -1001001101011 + -101?
-1001001110000
In base 13, what is 14 + -14?
0
In base 9, what is 21 - 74?
-53
In base 4, what is -13 - -23321?
23302
In base 10, what is 5537 + -3?
5534
In base 10, what is -6 + 228?
222
In base 8, what is -13736 - 0?
-13736
In base 16, what is -4 + 58?
54
In base 14, what is 162 + -42?
120
In base 9, what is 2238 + -4?
2234
In base 7, what is -12 - 20?
-32
In base 16, what is -1be + -2?
-1c0
In base 6, what is 5 + -2443?
-2434
In base 10, what is 7 + 52?
59
In base 16, what is -c9 + 5?
-c4
In base 2, what is -10010010 + -1010?
-10011100
In base 3, what is 12 - -22011?
22100
In base 8, what is -60220 - 1?
-60221
In base 11, what is -369 - -1?
-368
In base 13, what is -1a5 + -5?
-1aa
In base 15, what is -1 + 48?
47
In base 12, what is 24a + 3?
251
In base 7, what is -50 + 4?
-43
In base 12, what is -3 - 20?
-23
In base 11, what is 130 - -2?
132
In base 8, what is -601 - -4?
-575
In base 14, what is -a3 - -28?
-79
In base 10, what is -9 + 5?
-4
In base 8, what is 11265 + 3?
11270
In base 10, what is -233 - 5?
-238
In base 2, what is 11010 + -1?
11001
In base 12, what is 5 + -2b?
-26
In base 14, what is 5 - 260?
-259
In base 2, what is 1010 + 10100001?
10101011
In base 5, what is -2 - 2?
-4
In base 3, what is 1002000 - 1?
1001222
In base 12, what is -324 - -5?
-31b
In base 9, what is -1 + 556?
555
In base 11, what is -2 - -a1?
9a
In base 13, what is b - 1246?
-1238
In base 5, what is -2 - -1241?
1234
In base 9, what is -8334 + 0?
-8334
In base 12, what is -a9 + 6?
-a3
In base 9, what is 258 - -5?
264
In base 15, what is 3 + -179?
-176
In base 16, what is -70 - 3?
-73
In base 7, what is -3 - 51?
-54
In base 6, what is -52 - 322?
-414
In base 15, what is 8 + -17?
-e
In base 8, what is -1 + 115?
114
In base 9, what is 13 + 1?
14
In base 4, what is -1120 + -300?
-2020
In base 16, what is -6ba + -4?
-6be
In base 3, what is 201 + 101121?
102022
In base 12, what is -120 - 5?
-125
In base 4, what is 10 + 223300?
223310
In base 8, what is 1207 + -1?
1206
In base 12, what is -179 + -1?
-17a
In base 9, what is -3 + 63?
60
In base 11, what is 18 + -6?
12
In base 2, what is -11010001101 - -100?
-11010001001
In base 10, what is 4 + 4085?
4089
In base 9, what is 3 - 54?
-51
In base 11, what is -6 + -63?
-69
In base 9, what is 642 - 4?
637
In base 5, what is -101 - 32?
-133
In base 8, what is 2 - -511?
513
In base 8, what is -372 + -4?
-376
In base 9, what is -1427 + 5?
-1422
In base 11, what is 30 + -246?
-216
In base 11, what is -2aa7 + -a?
-3006
In base 4, what is -2032 + 0?
-2032
In base 7, what is -114 - -46?
-35
In base 5, what is 221 + -10?
211
In base 7, what is 4 - -2245?
2252
In base 8, what is -46 + -16?
-64
In base 14, what is 89 - 4?
85
In base 4, what is -22 - -2010?
1322
In base 11, what is 26 + 6?
31
In base 12, what is 0 + -1001?
-1001
In base 2, what is 0 + -11011111000?
-11011111000
In base 8, what is -2 + -5326?
-5330
In base 8, what is 5 + -1?
4
In base 12, what is -1a4 + -2?
-1a6
In base 3, what is 1 + 2101201?
2101202
In base 12, what is 160a + 0?
160a
In base 13, what is 1 - -6ac?
6b0
In base 4, what is 103 + 10123?
10232
In base 10, what is -11 + -136?
-147
In base 11, what is -24 + 20?
-4
In base 8, what is 1363 + 20?
1403
In base 10, what is -9 - 5?
-14
In base 8, what is -24467 + 1?
-24466
In base 5, what is -2211 - 2?
-2213
In base 8, what is 0 + -1522?
-1522
In base 13, what is 3 - -c64?
c67
In base 14, what is 3 + 1787?
178a
In base 13, what is -b3 - 19?
-cc
In base 9, what is -26 - -18?
-7
In base 13, what is -68 + 8b?
23
In base 12, what is 34b - -8?
357
In base 13, what is 482 - -c?
491
In base 5, what is -124 - -4?
-120
In base 12, what is -2 - -1?
-1
In base 7, what is 60 + 6?
66
In base 2, what is -100 - 101011?
-101111
In base 10, what is 1 - 283?
-282
In base 10, what is -18709 + 0?
-18709
In base 2, what is 11011110 - 10?
11011100
In base 12, what is -4 + -12b?
-133
In base 10, what is 2 + -35?
-33
In base 14, what is 2 - -1cc2?
1cc4
In base 4, what is -11 + -12033?
-12110
In base 12, what is -5b4 + 2?
-5b2
In base 16, what is 50 - -26?
76
In base 15, what is -1 - -9d?
9c
In base 11, what is 20 - 14?
7
In base 6, what is -1202525 + 5?
-1202520
In base 11, what is 1 - 6?
-5
In base 5, what is -4 - 204?
-213
In base 10, what is -9 + -1032?
-1041
In base 11, what is 1 - -94?
95
In base 12, what is -b6a + -3?
-b71
In base 4, what is -1 - 2133?
-2200
In base 11, what is 3 + 536?
539
In base 10, what is 2 + -46?
-44
In base 4, what is -121100 - 12?
-121112
In base 3, what is -11 + 220102?
220021
In base 16, what is -1 + -78?
-79
In base 8, what is 75 + -75?
0
In base 14, what is 3 - 17a?
-177
In base 4, what is 11 + 121?
132
In base 9, what is 8 - -33?
42
In base 12, what is 84 - -5?
89
In base 15, what is 1 - 26?
-25
In base 14, what is -7786 - -4?
-7782
In base 7, what is -1236 + -3?
-1242
In base 15, what is 5 - 133?
-12d
In base 16, what is 96 + 4?
9a
In base 15, what is 1151 + -2?
114e
In base 11, what is a37 - 3?
a34
In base 16, what is 4 - 29?
-25
In base 4, what is -33300 - -3?
-33231
In base 14, what is -6 - -bd?
b7
In base 3, what is -1002 - -2120?
1111
In base 10, what is 8037 + -2?
8035
In base 15, what is -35e - -5?
-359
In base 16, what is 4 - -5c?
60
In base 5, what is 1333 + 3?
1341
In base 10, what is 2019 - -3?
2022
In base 11, what is -3 + -28?
-30
In base 14, what is 43 - -1?
44
In base 15, what is 89 - -6?
90
In base 7, what is 31425 + -2?
31423
In base 11, what is -238 - -3?
-235
In ba